. What is the greatest common divisor of 192 and n?
24
Suppose 2*m = -c - 3, -2*c = -4*m - 0*m - 26. Suppose 3*o = 0, o + 9 = g + c*o. Calculate the highest common factor of g and 45.
9
Suppose -515 = -8*q - 27. Calculate the highest common factor of 3 and q.
1
Let x = 6 - 27. Let s = x - -23. What is the greatest common factor of 16 and s?
2
Let z(g) = -8*g - 4. Let k be z(-7). What is the highest common divisor of k and 299?
13
Suppose -109*w + 10 = -104*w. Calculate the greatest common factor of w and 26.
2
Let u = 192 - 130. Let t = u - 43. Calculate the greatest common divisor of t and 38.
19
Let h be ((-8)/(-4))/2 - 12. Let z = h + 14. Let w be (6 - 0)/(z/9). Calculate the highest common factor of 12 and w.
6
Let c = 666 - 590. Calculate the highest common factor of 8 and c.
4
Let b be 15/(-6) - 2/4 - -172. Let n(m) = m**2 - 11*m + 1. Let t be n(12). What is the highest common factor of b and t?
13
Let o be (13/(-4))/(1 + (-1991)/1980). Calculate the highest common divisor of 260 and o.
65
Let x be 27*7*8/28. Suppose -h + 0*h = -135. Calculate the highest common divisor of h and x.
27
Let i(y) = 28*y + 2. Suppose -9 = 6*x - 15*x. Let c be i(x). What is the greatest common factor of 12 and c?
6
Let w(u) = 22*u + 17. Let c be w(1). Calculate the greatest common factor of 9 and c.
3
Suppose 4*b + 4*o - 792 + 308 = 0, -335 = -3*b + 4*o. Calculate the highest common divisor of b and 9.
9
Let s(o) = 2*o**2 + 5*o + 2. Let l be s(-3). Let u(t) = t**2 + l + 2*t - 5 + 1 + t. Let r be u(-4). Calculate the greatest common divisor of r and 40.
5
Suppose -43*l = -41*l - 184. What is the greatest common factor of 23 and l?
23
Suppose -21*z = 166 - 1027. Calculate the highest common divisor of z and 41.
41
Let x(n) = -4*n**2 - 6 + 0*n - 2*n**3 + 2*n + 3*n**3. Suppose 2*r - 10 = -2. Let o be x(r). What is the greatest common divisor of o and 16?
2
Let p(d) = -5 + 4*d - 9 + 4 + 0 + d**2. Let j be p(-7). What is the highest common factor of j and 22?
11
Let j = -1210 + 839. Let o = 526 + j. What is the greatest common factor of o and 62?
31
Let m = -886 - -1099. What is the highest common factor of m and 12?
3
Suppose 48*t - 794 = 1126. Calculate the highest common divisor of t and 220.
20
Suppose -w + o = -205, -3*w + 7*o - 11*o = -629. Calculate the greatest common divisor of 69 and w.
69
Let i = -108 + 172. Suppose 0 = 3*u - i + 4. Let c be (-3516)/(-22) + 10/55. What is the greatest common divisor of u and c?
20
Let w = -8 - -4. Let o be (-359)/w + (-3)/(-12). Suppose 8*m - 53 = 91. Calculate the highest common factor of o and m.
18
Let m be 2 + 57/(-3) - 4. Let d = 7 - m. What is the greatest common factor of d and 84?
28
Suppose -z + 3*a + 6 - 2 = 0, 5*z + 4*a - 96 = 0. Let q be ((-40)/z)/((-1)/10). Calculate the highest common divisor of q and 100.
25
Let k(x) = -x**3 - x**2 - x + 28. Let z be k(0). Let g(d) = d**2 + 51*d + 18. Let n be g(-52). What is the highest common divisor of n and z?
14
Let y(s) = s**3 + 10*s**2 + 7*s + 13. Let v be y(-9). Calculate the highest common divisor of 496 and v.
31
Let w(l) = -l - 20 - 2*l - 8*l - l. Let g be w(-5). What is the highest common divisor of g and 16?
8
Suppose 0 = -a - 5*v - 13, a + 3*a - 4*v = -4. Let p be 67/a - (-6)/(-9). Let f = p - -41. What is the highest common divisor of f and 18?
18
Let h(v) = 40*v**2 + 8*v - 8. Let d be h(1). What is the highest common divisor of d and 112?
8
Let o(g) = -g**3 - 13*g**2 - 30*g + 30. Let q be o(-10). Let u(n) = 25*n**3 + 4*n**2 - 3*n. Let l be u(2). Calculate the greatest common factor of l and q.
30
Suppose -21*l = 2*l - 1196. Calculate the highest common divisor of 12 and l.
4
Let y be 30/(3 + -1 - 1). Suppose -4*k - 241 = -3*x + 229, -5*x = -3*k - 765. What is the highest common divisor of y and x?
30
Let y = -310 + 194. Let h = -90 - y. Calculate the greatest common factor of 4 and h.
2
Suppose 4*a - 2*i = 2, -2*a = 24*i - 19*i - 19. What is the highest common divisor of 25 and a?
1
Let j be 4800/(-144)*33/(-4). Calculate the highest common factor of j and 77.
11
Suppose -10*k = 3*p - 13*k - 33, k - 31 = -2*p. What is the greatest common divisor of p and 1526?
14
Suppose 0*a - 3*j = a - 57, 110 = 2*a + 5*j. Suppose 3*s - 5*p = -0*s + 24, -a = -3*s - 2*p. Calculate the highest common factor of s and 26.
13
Let p(m) = m + 1. Let r be p(4). Let z = 0 + r. Suppose 3*i - 46 = -n, -3*i + 4*n - 20 = -61. What is the highest common factor of z and i?
5
Let g(d) = -6*d - 4. Let s be g(-6). Let j be (3 - 0) + 12/(84/875). What is the greatest common divisor of s and j?
32
Suppose 0 = -40*a + 39*a + 135. What is the highest common divisor of a and 72?
9
Let v be 65*(5 - 12/3). Suppose 175 = 2*k - v. What is the greatest common factor of k and 15?
15
Let a = -10 + 11. Let u be -110 + (1 - (1 + a)). Let f be (u + 1)/(-1) + 0. Calculate the greatest common factor of f and 22.
22
Suppose 3*x + 2*x - 10 = 0. Let z(w) = -2 + 4 - x + 7*w**2. Let o be z(1). Calculate the greatest common factor of o and 35.
7
Suppose 0 = 160*y - 168*y + 440. What is the highest common factor of 352 and y?
11
Let c be (210/(-25))/(21/(-35)). What is the greatest common factor of 98 and c?
14
Suppose -1352 = -4*t - 2*u, 3*t + 5*u - 300 = 714. Calculate the greatest common divisor of t and 78.
26
Suppose 0 = 3*z, -8 = -2*p - 0*p + 3*z. What is the highest common divisor of p and 46?
2
Let k(b) = -301 + 2*b + 4*b + 3*b**2 + 310 - 2*b**2. Let i be k(-8). What is the greatest common factor of 25 and i?
25
Suppose 0 = -12*q + 1899 + 1569. Calculate the highest common divisor of q and 153.
17
Suppose 3*i - 17 = -k, 2*i - 26 = -2*k - 0*i. What is the greatest common factor of k and 253?
11
Let l = -236 + 264. What is the greatest common divisor of 28 and l?
28
Let i be 19/(6/(-108)*-3). Calculate the greatest common divisor of i and 285.
57
Let x = -438 - -661. Let l be 12/(-72) - x/(-6). What is the greatest common divisor of 407 and l?
37
Suppose -10 = -2*c, -3*c = f + 23 - 107. What is the highest common factor of f and 759?
69
Suppose 0 = -209*n + 208*n + 48. Suppose -160 + n = -7*l. What is the highest common divisor of l and 144?
16
Let t(v) = 4*v + 4. Let h(u) = 6 - 54 - 63*u - 18 + 3. Let c(r) = -3*h(r) - 49*t(r). Let n be c(-6). Calculate the highest common divisor of 14 and n.
7
Let a(s) = s**3 - 12*s**2 + 8*s + 14. Let z be a(11). Let i = 39 + z. Suppose 5*n = -i, 4*x - 5*n - 151 = 97. Calculate the greatest common factor of x and 38.
19
Let d = 109 - 35. Let p be ((-555)/10)/(27/(-18)). What is the highest common factor of p and d?
37
Let d(m) be the first derivative of -m**3/3 + 13*m**2 - 13*m - 1. Let t be d(19). What is the highest common divisor of t and 12?
12
Let q(y) = -y**3 + 17*y**2 + 40*y - 32. Let z be q(19). What is the greatest common divisor of 4 and z?
2
Let u be 2/(-3 - (-33)/9). Suppose j + 12 = u*j. Suppose 0 = w + 2*a - 44, 68 = 5*w + a - 197. Calculate the highest common factor of w and j.
6
Let f be (3/6)/(1/38). Suppose 3*d = -3*w + w + f, 5*d - 25 = 0. Suppose -5*m + 726 = -j - j, -6 = w*j. What is the greatest common factor of 24 and m?
24
Let i be ((-42)/(-33))/((-12)/(-66)). What is the highest common factor of 56 and i?
7
Suppose -5*a = 62*h - 58*h - 213, 5*h = -2*a + 75. What is the highest common factor of a and 435?
15
Let w(b) = b**3 - 9*b**2 + 2*b + 9. Let k be w(9). Let l = -24 + k. Suppose z - 120 = -l*z. What is the greatest common divisor of z and 75?
15
Let s(v) = -5*v - 166. Let r be s(-34). Calculate the highest common factor of 124 and r.
4
Let q be (-2)/(-1)*(-567)/6. Let a = 354 + q. Calculate the highest common factor of a and 66.
33
Let q(n) = -n + 7. Suppose -30 = 3*o + 9. Let m be q(o). Calculate the highest common factor of m and 80.
20
Suppose -82*p = -77*p - 90. Let v be (9/15)/((-4)/(-60)). Calculate the highest common divisor of v and p.
9
Suppose -26*n + 38 = -7*n. Suppose -4*v = -3*v. Suppose 3*b + 14 = 2*x, v = -3*x - 4*b - b - 17. Calculate the greatest common divisor of n and x.
1
Let g = -1124 + 1342. Calculate the greatest common divisor of g and 545.
109
Let x(b) = 6*b - 1. Let k be x(1). Let z = 1 - 1. Suppose z = 4*u - 9*u - 2*f + 63, -k*u + 60 = 5*f. Calculate the greatest common divisor of u and 39.
13
Let q be (4872/(-140)